-4300 (base 6) in base 14?
-4d6
What is 14421 (base 5) in base 8?
2324
3521 (base 7) to base 12
8b5
What is -18618 (base 9) in base 6?
-135412
What is 85 (base 15) in base 9?
148
Convert 231 (base 4) to base 5.
140
Convert 5a73 (base 15) to base 3.
222101100
What is 1222 (base 8) in base 10?
658
Convert 842 (base 14) to base 11.
1249
-5194 (base 13) to base 9
-16417
-1008 (base 13) to base 7
-6300
What is 35132 (base 6) in base 8?
11640
What is -5d58 (base 14) in base 6?
-203402
2202110 (base 3) to base 5
31020
Convert 354 (base 10) to base 16.
162
3088 (base 9) to base 8
4333
-4d8 (base 14) to base 4
-33032
Convert -211 (base 16) to base 13.
-319
What is -122221022 (base 3) in base 2?
-11001100010100
What is 14021 (base 6) in base 15?
99d
44433 (base 9) to base 13
10584
What is -add (base 14) in base 12?
-12b7
Convert 133311 (base 6) to base 10.
12427
Convert -111300 (base 4) to base 16.
-570
-30ed (base 16) to base 9
-18156
273 (base 16) to base 2
1001110011
What is -11423 (base 6) in base 15?
-766
What is -131 (base 7) in base 16?
-47
What is -315 (base 6) in base 10?
-119
What is 221 (base 6) in base 4?
1111
What is 251 (base 12) in base 6?
1341
Convert 154 (base 8) to base 14.
7a
-3250 (base 11) to base 6
-31510
Convert -10110010000100 (base 2) to base 10.
-11396
What is 2540 (base 7) in base 9?
1275
Convert -20de (base 15) to base 4.
-1230233
Convert -2002 (base 3) to base 15.
-3b
Convert 2243310 (base 5) to base 10.
40455
-52 (base 8) to base 11
-39
8464 (base 10) to base 11
63a5
10244 (base 6) to base 11
105a
-13568 (base 16) to base 3
-11000122122
What is -a48a (base 11) in base 15?
-41b2
Convert -3424 (base 11) to base 6.
-32503
1001200 (base 5) to base 6
201052
50561 (base 7) to base 12
7145
-1001305 (base 6) to base 2
-1011011110001001
Convert 1676 (base 11) to base 6.
13524
What is -16345 (base 11) in base 7?
-124112
Convert 145610 (base 8) to base 16.
cb88
-14523 (base 8) to base 12
-3903
What is 2110320 (base 4) in base 7?
36531
What is 225313 (base 6) in base 5?
1104331
Convert -200323 (base 4) to base 14.
-aa7
Convert -2940 (base 11) to base 13.
-195c
What is 68 (base 14) in base 11?
84
What is 2143 (base 7) in base 14?
3ca
-7b78 (base 12) to base 8
-32714
Convert ab4 (base 14) to base 9.
2813
Convert -30221230 (base 4) to base 11.
-35a2a
222200201 (base 3) to base 12
b317
Convert 103243 (base 6) to base 13.
3b58
What is 24 (base 12) in base 4?
130
Convert 623 (base 9) to base 2.
111111011
-2052 (base 6) to base 14
-252
What is -341 (base 12) in base 9?
-584
Convert -27d (base 14) to base 6.
-2155
Convert 311 (base 8) to base 12.
149
Convert -11042 (base 5) to base 14.
-3d2
-2102 (base 7) to base 11
-610
Convert -4133 (base 6) to base 14.
-49b
Convert 3909 (base 11) to base 3.
20222120
Convert -c8 (base 14) to base 2.
-10110000
Convert -3a8 (base 15) to base 2.
-1101000001
7226 (base 8) to base 9
5108
-648 (base 10) to base 15
-2d3
What is -525221 (base 6) in base 16?
-a68d
Convert -10100101001 (base 2) to base 3.
-1210221
What is 1111010000 (base 2) in base 8?
1720
-4345 (base 6) to base 4
-33221
What is -82 (base 12) in base 10?
-98
Convert 11010110010 (base 2) to base 16.
6b2
1225232 (base 6) to base 16
101b4
What is 102343 (base 5) in base 9?
4678
What is -29564 (base 10) in base 12?
-15138
What is 89d (base 14) in base 12?
ba3
Convert 2b61 (base 13) to base 9.
8615
Convert 112102 (base 4) to base 15.
651
What is -24333 (base 6) in base 15?
-10e0
What is -25030 (base 7) in base 15?
-1e0d
What is -72 (base 16) in base 9?
-136
What is -10000022 (base 3) in base 12?
-132b
What is -72d6 (base 15) in base 5?
-1234101
665 (base 7) to base 5
2331
4a7 (base 13) to base 6
3433
5b3 (base 16) to base 2
10110110011
-1111111101101 (base 2) to base 9
-12181
What is 845 (base 14) in base 6?
11313
Convert -23100 (base 4) to base 10.
-720
What is -12533 (base 7) in base 3?
-11121022
What is -971 (base 13) in base 14?
-833
-10001000010100 (base 2) to base 6
-104220
10eb (base 15) to base 7
13325
Convert -1025 (base 7) to base 5.
-2422
Convert -5207 (base 11) to base 10.
-6904
1bb1 (base 14) to base 4
1032333
Convert -2829 (base 14) to base 8.
-15665
2081 (base 10) to base 8
4041
-37 (base 10) to base 4
-211
Convert 13305 (base 7) to base 12.
20a6
Convert -21222122 (base 3) to base 2.
-1011010111110
What is 3481 (base 9) in base 16?
a18
-73 (base 12) to base 7
-153
Convert 1000221 (base 3) to base 10.
754
What is -31 (base 9) in base 14?
-20
What is 1011111111011 (base 2) in base 6?
44231
Convert 3304 (base 13) to base 5.
211402
What is -2620 (base 10) in base 16?
-a3c
What is -42b (base 12) in base 11?
-506
Convert -1532 (base 9) to base 3.
-1121002
114024 (base 7) to base 15
6183
-2954 (base 10) to base 2
-101110001010
What is -2001 (base 6) in base 7?
-1156
Convert 3122 (base 4) to base 6.
1002
-55514 (base 9) to base 3
-1212120111
What is aa05 (base 14) in base 16?
72dd
What is -1305 (base 14) in base 3?
-11120121
What is -120000 (base 4) in base 14?
-7ba
What is 201020 (base 3) in base 14?
291
What is 22 (base 10) in base 12?
1a
What is -2b37 (base 14) in base 13?
-366a
Convert -110100111101 (base 2) to base 3.
-11122112
-10111010000110 (base 2) to base 8
-27206
Convert 84c (base 14) to base 2.
11001100100
What is -2550 (base 7) in base 5?
-12331
360 (base 13) to base 15
290
-413201 (base 6) to base 8
-100541
Convert -1914 (base 12) to base 2.
-101111100000
What is 12439 (base 13) in base 12?
175a7
Convert -14150 (base 7) to base 6.
-25505
What is -22560 (base 10) in base 15?
-6a40
What is 2217 (base 10) in base 6?
14133
Convert -23899 (base 11) to base 2.
-1000011000101111
Convert 287b (base 16) to base 11.
7871
Convert 11220 (base 4) to base 16.
168
Convert 74c (base 14) to base 10.
1440
What is 20002220 (base 3) in base 8?
10544
What is 642 (base 9) in base 5?
4044
What is 3083 (base 13) in base 3?
100012002
Convert 131663 (base 8) to base 13.
17c29
What is 1948 (base 13) in base 14?
153c
Convert -15489 (base 12) to base 11.
-20645
-684 (base 15) to base 3
-2000121
-1526 (base 11) to base 9
-2622
-536 (base 8) to base 2
-101011110
Convert -2002 (base 3) to base 12.
-48
What is 421 (base 13) in base 11?
58a
Convert 1020 (base 8) to base 3.
201120
Convert -301001 (base 4) to base 3.
-11022012
What is -2376 (base 10) in base 15?
-a86
Convert 2101 (base 5) to base 2.
100010100
Convert -3b9 (base 15) to base 7.
-2322
What is 11420 (base 11) in base 16?
405e
Convert 323233 (base 4) to base 16.
eef
13213 (base 4) to base 15
227
What is 14350 (base 10) in base 7?
56560
-61c (base 15) to base 16
-561
-55250 (base 6) to base 9
-11453
1001110011 (base 2) to base 16
273
Convert 7007 (base 14) to base 13.
8991
-578 (base 16) to base 2
-10101111000
What is -101011100001000 (base 2) in base 5?
-1203110
Convert 2123131 (base 4) to base 5.
304244
16472 (base 9) to base 11
8565
-8467 (base 14) to base 11
-16172
What is 1171 (base 9) in base 6?
4014
-221012 (base 3) to base 15
-305
Convert 8500 (base 9) to base 10.
6237
Convert 2a05 (base 11) to base 8.
7445
Convert 1d4 (base 14) to base 10.
382
What is 12433 (base 5) in base 16?
3e1
What is 11001100 (base 2) in base 11?
176
Convert -1125 (base 6) to base 5.
-2034
-a822 (base 11) to base 6
-150114
What is -5404 (base 11) in base 10?
-7143
Convert 9314 (base 14) to base 13.
b694
What is -330 (base 9) in base 11?
-226
-9b8a (base 12) to base 15
-5197
-220111 (base 3) to base 6
-3021
d748 (base 15) to base 12
22412
Convert -330232 (base 4) to base 11.
-2a13
What is 24201 (base 6) in base 7?
13201
120 (base 9) to base 13
78
8ca (base 16) to base 11
1766
-122606 (base 8) to base 10
-42374
Convert -22332 (base 12) to base 6.
-550102
Convert -1980 (base 10) to base 15.
-8c0
What is -6b0 (base 14) in base 4?
-110302
-298 (base 11) to base 16
-15d
6503 (base 8) to base 13
1712
What is -107 (base 9) in base 8?
-130
5812 (base 11) to base 2
1110111010100
What is 2322 (base 4) in base 14?
d4
-13233312 (base 4) to base 8
-75766
-15 (base 8) to base 13
-10
Convert -dcc5 (base 15) to base 7.
-253220
What is 26b88 (base 12) in base 2?
1101000100011000
Convert 223410 (base 5) to base 13.
382b
-b4b9 (base 12) to base 15
-5ca0
Convert 154 (base 11) to base 8.
264
220011 (base 4) to base 3
10112000
Convert -10325 (ba